r of 54684 and 5536476?
1116
Calculate the greatest common factor of 909822996 and 108.
108
Calculate the greatest common factor of 28545 and 7779915.
165
What is the highest common factor of 952 and 1466808?
56
What is the highest common factor of 136340 and 860?
20
What is the highest common factor of 50 and 100171840?
10
Calculate the greatest common factor of 866 and 544752970.
866
What is the highest common factor of 3869357 and 270187?
997
What is the greatest common divisor of 142 and 211769641?
71
Calculate the highest common factor of 1376 and 45236.
172
What is the highest common factor of 39552 and 435999?
309
Calculate the greatest common divisor of 220175 and 15315373.
8807
Calculate the highest common factor of 3646962 and 117.
9
Calculate the highest common divisor of 143016 and 4848.
2424
What is the greatest common factor of 175768 and 18511?
173
Calculate the greatest common factor of 90663 and 471.
3
Calculate the greatest common divisor of 77660 and 1035760.
220
What is the highest common factor of 1151489 and 58447?
277
What is the greatest common factor of 18011 and 4360986?
581
What is the greatest common divisor of 1241790 and 384515?
265
Calculate the highest common factor of 544 and 11800176.
272
What is the greatest common divisor of 42528858 and 1278?
426
What is the highest common factor of 135085 and 2165?
5
What is the greatest common divisor of 214862 and 1497674?
106
What is the highest common divisor of 366179 and 19525?
11
What is the highest common factor of 1624 and 996904?
232
Calculate the highest common factor of 30690 and 213315.
15
Calculate the greatest common factor of 246 and 123792.
6
What is the greatest common factor of 6944436 and 6417?
207
Calculate the highest common factor of 17 and 40556543.
17
What is the highest common divisor of 260 and 1195420?
20
Calculate the greatest common factor of 393 and 18706931.
131
Calculate the highest common divisor of 66 and 36050586.
66
What is the highest common divisor of 13910 and 14919866?
2782
What is the greatest common factor of 4002952394 and 98?
98
What is the greatest common factor of 11 and 378761856?
11
Calculate the greatest common factor of 261740 and 88780.
460
What is the greatest common divisor of 98 and 11041709?
49
Calculate the greatest common divisor of 703354 and 292918.
1754
What is the greatest common divisor of 290 and 906220?
10
Calculate the highest common factor of 193666 and 7766.
22
What is the greatest common divisor of 372 and 1555938?
6
Calculate the highest common factor of 110 and 41058600.
110
Calculate the greatest common factor of 14220084 and 1629.
543
What is the highest common divisor of 10054 and 142582?
22
What is the greatest common divisor of 1512294 and 168?
42
Calculate the greatest common divisor of 5181877 and 667.
23
What is the highest common divisor of 162 and 145325502?
162
Calculate the highest common factor of 214440876 and 54.
18
What is the highest common divisor of 126086 and 21278383?
2741
Calculate the greatest common divisor of 9006 and 159429.
57
What is the highest common divisor of 44 and 311367892?
44
Calculate the greatest common factor of 416763927 and 189.
27
Calculate the highest common factor of 4659109 and 9373.
91
What is the greatest common factor of 11676299 and 29?
29
Calculate the highest common divisor of 538 and 18482.
2
What is the greatest common factor of 18621630 and 102?
102
Calculate the greatest common divisor of 8127 and 292.
1
What is the greatest common factor of 3681 and 373417?
409
What is the highest common factor of 154655166 and 1888?
118
Calculate the highest common divisor of 11 and 9378677.
11
Calculate the greatest common divisor of 19940 and 35624804.
3988
What is the highest common divisor of 121478761 and 133?
19
Calculate the highest common divisor of 689 and 1125031.
53
What is the greatest common divisor of 380 and 215477460?
20
What is the greatest common factor of 93081 and 4728777?
1311
What is the highest common divisor of 752 and 2186512?
16
Calculate the greatest common factor of 2654815 and 70.
5
Calculate the highest common divisor of 4083816 and 34038.
186
Calculate the highest common divisor of 749 and 24053279.
107
Calculate the greatest common factor of 759080 and 28840.
280
Calculate the greatest common divisor of 17171 and 100933.
7
Calculate the highest common factor of 2869 and 999799.
19
What is the highest common divisor of 132240 and 18160?
80
What is the greatest common factor of 8680 and 1367612120?
8680
What is the highest common factor of 1664 and 271804?
52
Calculate the greatest common divisor of 1 and 230449.
1
What is the highest common factor of 135991 and 69987?
569
What is the greatest common factor of 4305247 and 1672448?
6533
What is the greatest common divisor of 640 and 16205440?
640
Calculate the highest common factor of 10764 and 2756826.
414
What is the greatest common factor of 858 and 1248533?
143
Calculate the highest common factor of 180 and 1369460.
20
What is the highest common factor of 36 and 1580817?
3
Calculate the highest common divisor of 560 and 79343140.
20
Calculate the greatest common factor of 2108 and 4056319.
527
What is the highest common divisor of 8992 and 11041052?
1124
What is the greatest common factor of 332332 and 154?
154
Calculate the greatest common factor of 24659946 and 10494.
954
What is the greatest common divisor of 28640 and 16100155?
895
What is the highest common factor of 861 and 290766711?
123
Calculate the greatest common divisor of 144 and 629541.
9
What is the highest common divisor of 735 and 16786605?
15
Calculate the highest common factor of 733 and 2312894273.
733
What is the greatest common factor of 12936 and 1080618?
462
What is the greatest common divisor of 1076 and 179492?
4
Calculate the highest common divisor of 735 and 15510999.
147
What is the greatest common divisor of 297 and 1718057?
11
Calculate the greatest common divisor of 7679 and 17048477.
1097
Calculate the greatest common factor of 844 and 1138767.
211
What is the greatest common divisor of 47047592 and 2440?
488
What is the greatest common divisor of 1710 and 6925410?
90
Calculate the greatest common divisor of 301185355 and 151.
151
What is the highest common divisor of 9589700 and 1700?
1700
What is the greatest common factor of 2664151 and 822976?
1169
Calculate the highest common factor of 16147 and 821569.
241
What is the highest common divisor of 586669 and 171010?
349
Calculate the greatest common factor of 45606858 and 132.
66
Calculate the greatest common factor of 597686 and 4726.
34
Calculate the greatest common factor of 66 and 56985687.
33
What is the highest common divisor of 56 and 32880260?
28
Calculate the highest common divisor of 42218 and 7914764.
2222
What is the highest common divisor of 39 and 339943?
1
Calculate the greatest common factor of 1204 and 542612.
28
Calculate the greatest common divisor of 173281626 and 54.
54
What is the highest common divisor of 18696 and 17665752?
984
Calculate the highest common factor of 216 and 265976.
8
Calculate the highest common factor of 624239 and 616.
77
What is the greatest common divisor of 501 and 19968?
3
Calculate the highest common factor of 3996 and 42993963.
999
What is the greatest common divisor of 784485 and 25704?
27
Calculate the highest common factor of 40414953 and 873.
291
What is the highest common factor of 22127 and 4981214?
203
What is the highest common divisor of 1455 and 926447?
97
What is the greatest common factor of 270 and 9248310?
270
What is the highest common divisor of 114 and 3157074?
6
Calculate the greatest common divisor of 44 and 112710059.
11
Calculate the highest common divisor of 95243 and 569449.
41
Calculate the greatest common divisor of 58323651 and 9.
3
What is the highest common divisor of 29601 and 1380?
69
What is the greatest common factor of 3 and 11181939?
3
Calculate the highest common factor of 180 and 128529300.
60
What is the highest common divisor of 2804 and 48338156?
2804
Calculate the highest common divisor of 12395296 and 1672.
152
What is the highest common factor of 50904 and 10313604?
252
What is the highest common divisor of 190 and 11504690?
190
What is the greatest com